factor of 19499?
False
Does 16 divide 192?
True
Does 131 divide 12984?
False
Is 20 a factor of 240?
True
Does 16 divide 3664?
True
Does 93 divide 3999?
True
Is 3 a factor of 580?
False
Is 20 a factor of 14637?
False
Is 11340 a multiple of 28?
True
Is 20 a factor of 3283?
False
Is 42990 a multiple of 277?
False
Is 5575 even?
False
Does 9 divide 60?
False
Is 15149 a multiple of 51?
False
Is 3 a factor of 462?
True
Does 40 divide 3798?
False
Is 18 a factor of 1902?
False
Does 55 divide 940?
False
Is 505 a multiple of 19?
False
Does 10 divide 770?
True
Is 3 a factor of 48?
True
Is 37 a factor of 16262?
False
Is 63 a factor of 3843?
True
Is 998 a multiple of 17?
False
Is 17 a factor of 145?
False
Does 9 divide 90?
True
Is 168 a factor of 20832?
True
Is 57 a factor of 10944?
True
Is 128 a multiple of 68?
False
Is 44 a factor of 13596?
True
Is 10 a factor of 1160?
True
Does 16 divide 25887?
False
Does 71 divide 1349?
True
Does 14 divide 980?
True
Is 9 a factor of 143?
False
Is 58 a factor of 5510?
True
Is 25 a factor of 525?
True
Is 5 a factor of 30?
True
Is 754 a multiple of 23?
False
Does 7 divide 20?
False
Is 3 a factor of 1512?
True
Does 66 divide 8066?
False
Is 6884 a multiple of 63?
False
Is 25 a multiple of 5?
True
Does 9 divide 4023?
True
Is 5 a factor of 50?
True
Is 2568 a multiple of 8?
True
Is 9 a factor of 1401?
False
Is 1682 a multiple of 91?
False
Is 58005 a multiple of 25?
False
Is 5899 a multiple of 26?
False
Does 3 divide 91?
False
Is 3 a factor of 115?
False
Is 68 a factor of 26966?
False
Is 488 a multiple of 10?
False
Is 159 a factor of 42930?
True
Is 3 a factor of 317?
False
Is 3 a factor of 229?
False
Is 37 a factor of 1924?
True
Does 34 divide 1080?
False
Is 604 a multiple of 8?
False
Is 10100 a multiple of 101?
True
Is 3348 a multiple of 27?
True
Is 13 a factor of 4279?
False
Does 2 divide 1202?
True
Does 17 divide 1402?
False
Does 2 divide 329?
False
Is 106 a factor of 35086?
True
Does 128 divide 7424?
True
Is 37 a factor of 370?
True
Is 147 a factor of 15582?
True
Is 16 a factor of 1680?
True
Does 15 divide 22985?
False
Is 412 a multiple of 3?
False
Is 4131 a multiple of 51?
True
Is 71 a factor of 1562?
True
Does 155 divide 12667?
False
Is 462 a multiple of 3?
True
Is 8 a factor of 56?
True
Is 4920 a multiple of 5?
True
Is 59 a factor of 1077?
False
Is 15 a factor of 405?
True
Is 156 a multiple of 13?
True
Is 2029 a multiple of 12?
False
Is 367 a multiple of 11?
False
Is 880 a multiple of 16?
True
Is 4932 a multiple of 12?
True
Does 28 divide 7933?
False
Is 44 a factor of 30856?
False
Is 296 a factor of 139755?
False
Does 97 divide 291?
True
Is 47747 a multiple of 7?
True
Is 7330 a multiple of 18?
False
Is 29600 a multiple of 8?
True
Is 6 a factor of 5886?
True
Does 36 divide 10007?
False
Does 16 divide 6215?
False
Is 8560 a multiple of 10?
True
Is 2382 a multiple of 12?
False
Does 181 divide 123063?
False
Is 12950 even?
True
Is 21 a factor of 517?
False
Is 5 a factor of 12037?
False
Is 1089 a multiple of 99?
True
Is 2628 a multiple of 6?
True
Is 19387 a multiple of 41?
False
Is 44043 a multiple of 53?
True
Does 6 divide 11?
False
Does 3 divide 321?
True
Does 2 divide 40?
True
Is 3527 a multiple of 15?
False
Is 850 a multiple of 10?
True
Is 2299 a multiple of 19?
True
Is 5130 a multiple of 32?
False
Is 8 a factor of 208?
True
Is 21000 a multiple of 10?
True
Is 2904 a multiple of 22?
True
Does 9 divide 3792?
False
Does 23 divide 1610?
True
Is 155 a factor of 7285?
True
Is 8 a factor of 6353?
False
Is 2052 a multiple of 4?
True
Does 50 divide 950?
True
Is 6 a factor of 4532?
False
Does 66 divide 660?
True
Does 27 divide 3186?
True
Is 7 a factor of 6034?
True
Is 7656 a multiple of 11?
True
Does 13 divide 152984?
True
Is 13152 a multiple of 32?
True
Is 19 a factor of 891?
False
Is 2486 a multiple of 22?
True
Is 13 a factor of 1143?
False
Is 21922 a multiple of 70?
False
Is 14 a factor of 784?
True
Does 49 divide 19208?
True
Is 1890 a multiple of 41?
False
Is 288 a multiple of 3?
True
Is 5032 a multiple of 136?
True
Is 1006 a multiple of 8?
False
Is 3258 a multiple of 14?
False
Is 16 a factor of 829?
False
Is 350 a factor of 26950?
True
Is 20 a factor of 58480?
True
Is 34 a factor of 20332?
True
Is 68836 a multiple of 19?
False
Is 33 a factor of 5478?
True
Does 152 divide 14440?
True
Is 7282 a multiple of 11?
True
Is 16122 a multiple of 108?
False
Does 82 divide 10086?
True
Is 3080 a multiple of 10?
True
Does 149 divide 14276?
False
Is 1696 a multiple of 127?
False
Is 45 a factor of 37980?
True
Is 1859 a multiple of 7?
False
Does 81 divide 10125?
True
Is 124 a factor of 54773?
False
Does 60 divide 180?
True
Is 7 a factor of 369?
False
Is 28 a multiple of 4?
True
Is 2439 a multiple of 9?
True
Is 2033 a multiple of 107?
True
Is 224 a multiple of 4?
True
Is 4 a factor of 1468?
True
Does 114 divide 13301?
False
Does 80 divide 4679?
False
Is 66 a factor of 17884?
False
Is 16 a factor of 69099?
False
Is 176 a multiple of 14?
False
Is 74 a factor of 41917?
False
Does 14 divide 10430?
True
Is 10878 a multiple of 294?
True
Is 9628 a multiple of 29?
True
Does 67 divide 12931?
True
Does 124 divide 3944?
False
Is 99190 a multiple of 130?
True
Is 13097 a multiple of 17?
False
Does 6 divide 1044?
True
Is 2 a factor of 137?
False
Does 11 divide 5028?
False
Is 1530 a multiple of 15?
True
Does 31 divide 48453?
True
Does 286 divide 23928?
False
Does 10 divide 4165?
False
Does 8 divide 768?
True
Does 7 divide 8918?
True
Is 827 a multiple of 13?
False
Is 14454 a multiple of 52?
False
Is 22 a factor of 10160?
False
Is 4 a factor of 14581?
False
Is 58194 a multiple of 122?
True
Is 8118 a multiple of 12?
False
Is 136 a multiple of 17?
True
Is 86 a multiple of 22?
False
Is 58 a factor of 1890?
False
Does 21 divide 714?
True
Is 230 a multiple of 4?
False
Does 12 divide 1548?
True
Is 132 a factor of 3918?
False
Is 170 a multiple of 2?
True
Is 2632 a multiple of 28?
True
Is 2961 a multiple of 27?
False
Does 4 divide 1917?
False
Is 5 a factor of 1390?
True
Does 6 divide 162?
True
Is 178 a factor of 31537?
False
Is 324 a multiple of 9?
True
Is 73 a factor of 576?
False
Is 22648 a multiple of 76?
True
Does 39 divide 5967?
True
Does 96 divide 2490?
False
Is 100 a factor of 9900?
True
Is 125 a multiple of 5?
True
Is 4754 a multiple of 52?
False
Is 6 a factor of 7?
False
Is 33 a factor of 1628?
False
Does 9 divide 1206?
True
Is 13 a factor of 699?
False
Does 23 divide 46?
True
Is 1368 a multiple of 18?
True
Is 247 a factor of 45901?
False
Does 73 divide 21674?
False
Is 5902 a multiple of 41?
False
Is 741 a multiple of 13?
True
Is 378 a multiple of 18?
True
Is 9 a factor of 11231?
False
Does 10 divide 503?
False
Does 230 divide 8050?
True
Does 65 divide 19772?
False
Is 250 a multiple of 28?
False
Is 117110 a multiple of 239?
True
Does 76 divide 2736?
True
Is 95 a factor of 37174?
False
Does 112 divide 2646?
False
Does 73 divide 1898?
True
Is 24 a factor of 1344?
True
Does 17 divide 13424?
False
Does 24 divide 11392?
False
Does 21 divide 1092?
True
Is 434 a multiple of 14?
True
Does 16 divide 96?
True
Is 2 a factor of 107?
False
Is 2 a factor of 122?
True
Is 42 a factor of 6318?
False
Does 13 divide 1092?
True
Is 2509 a multiple of 11?
False
Is 11 a factor of 19686?
False
Is 4 a factor of 116?
True
Is 7830 a multiple of 135?
True
Is 585 a multiple of 39?
True
Is 91 a factor of 10576?
False
Is 10 a factor of 420?
True
Is 13 a factor of 819?
True
Is 4 a factor of 760?
True
Is 17 a factor of 782?
True
Is 274 a multiple of 36?
False
Is 190 even?
True
Does 314 divide 120576?
True
Does 108 divide 11593?
False
Does 22 divide 1144?
True
Does 25 divide 1766?
False
Is 3232 a multiple of 32?
True
Does 17 divide 29004?
False
Does 125 divide 28375?
True
Does 53 divide 55332?
True
Does 61 divide 2292?
False
Is 6321 a multiple of 7?
True
Is 4 a factor of 383?
False
Is 5726 a multiple of 13?
False
Does 100 divide 3600?
True
Is 464 a multiple of 29?
True
Is 4320 a multiple of 36?
True
Is 31 a factor of 29479?
False
Is 15328 a multiple of 8?
True
Does 21 divide 462?
True
Does 38 divide 874?
True
Is 26 a factor of 15496?
True
Is 3 a factor of 46?
False
Does 5 divide 442?
False
Does 10 divide 27120?
True
Is 51282 a multiple of 66?
True
Is 15 a factor of 9693?
False
Does 34 divide